t p(n) = -n - 1. Give p(o).
3
Let u(n) = -n**3 - 5*n**2 + 5*n - 5. Suppose -5*y - 18 = 3*r, -12 = -5*r + 8. Give u(y).
1
Let w(i) = -1. Let o(z) = -z**2 + 5*z + 1. Let f(h) = -o(h) - 5*w(h). Suppose 5*q + 25 = 0, 4*m - 2*m - 1 = -q. Calculate f(m).
-2
Let k(i) = -4*i + 0 + 4*i**2 + 0 + 6 + i**3. Suppose -f + 7 = -3*w, -2*w = 4*f - 4*w + 12. Determine k(f).
1
Let j(v) = 8*v**3 + 9*v**2 - 2*v + 2. Let u(z) = -7*z**3 - 8*z**2 + z - 2. Let x(s) = 5*j(s) + 6*u(s). Give x(-2).
10
Let d(o) = 2*o**3 + o - o**3 - 2 - 2*o**2 - 2*o**2. Suppose 4*x = -5*p - 37, 2*p = -1 - 9. Let g = x + 7. Calculate d(g).
2
Let s(w) = -w**3 - w**2 - w - 2. Let l(y) = -y + 4. Suppose 0 = -2*d - 2*a - 2, -3*d - 2*a + 3 = 1. Let k be l(d). Determine s(k).
-2
Let z(c) = -c**3 + 6*c**2 - 4*c - 2. Let s be z(5). Let j be ((-1)/(-2))/(s/12). Let l(d) = -2*d**2 + d. What is l(j)?
-6
Let l = 59 - 66. Let z(g) = -g**2 - 10*g - 8. Calculate z(l).
13
Let u(b) = -b - 18. Let n(l) = -1. Let m(o) = 2*n(o) - u(o). Determine m(-7).
9
Suppose -5*d + 20 = 2*i, -2*d - d - 2*i = -12. Let l(p) be the first derivative of 1/4*p**d + 2*p + 5/2*p**2 - 7/3*p**3 + 4. What is l(6)?
-4
Suppose 0 + 4 = 2*q. Let r be 4/26 + (-714)/(-91). Suppose 0 = -q*x + 6*x - r. Let n(j) = -2*j + 3. Determine n(x).
-1
Let x(l) = 2*l - 16. Let o(b) = -b + 8. Let n(d) = -5*o(d) - 3*x(d). Determine n(8).
0
Let a(d) = -d**3 - d**2 + d - 1. Suppose 0 + 32 = -4*p. Let f be (-4)/(-16) - (-2)/p. Calculate a(f).
-1
Suppose -10 - 10 = -2*n. Suppose p - 2 + 0 = 0. Suppose 0*d = p*d + n. Let l(b) = -b**2 - 6*b - 1. Give l(d).
4
Let r(p) = -4*p - 1. Let n = -22 - -17. Give r(n).
19
Let j(s) be the first derivative of s**4 - s + 7. Let z(n) = -n**2 - 12*n + 14. Let b be z(-13). Calculate j(b).
3
Let x(r) = 2*r**3 - 3*r**3 + 195*r**2 - 202*r**2 - 9 - 10*r. Suppose 4*s + 32 = -2*i, -s - i = -5*i - 10. What is x(s)?
15
Let a(d) be the first derivative of -3*d**2/2 - d - 1. Let g = -31 + 30. Calculate a(g).
2
Let m(r) = -r + 1. Let u be m(1). Suppose 0 = 3*x - u*x - 12. Let n(t) = 3 - 2*t + 0*t - 1. What is n(x)?
-6
Let u(z) = z**3 - 7*z**2 + 2*z - 8. Let c(l) = -l**2 - 12*l - 25. Let b be c(-8). Calculate u(b).
6
Let n(f) be the third derivative of f**4/24 + 6*f**2. Determine n(4).
4
Let y(v) = 2*v + 7. Let s be y(7). Suppose 0 = 4*w - h - s, h + 4*h = 3*w - 37. Let r(p) = -p**3 + 4*p**2 + p + 5. What is r(w)?
9
Suppose 0 = 3*g - 7*g. Let w(z) be the third derivative of -z**5/60 - z**3 + z**2 + 170*z. What is w(g)?
-6
Let f be (0 + -3 + 4)*-5. Let p = -1 + 3. Let x(i) = -5*i**p + 1 - i**3 - 3 + 5. Calculate x(f).
3
Let w(p) = -3*p + 2*p**2 - 5*p**3 - 1 + 3*p. Let o be 0/2 - -2*2. Suppose o = -4*h + 8. Calculate w(h).
-4
Let k(t) = 4 - 4 + 2 - t. Suppose 8*r - 8 = 16. Give k(r).
-1
Let w be ((-6)/9)/(1/(-21)). Let p(s) = -2*s - w + 2*s + 5*s - 4*s. What is p(6)?
-8
Let r = 95 - 101. Let j(i) = -i**2 - 6*i. Determine j(r).
0
Let f be (-1)/(-2) + (-39)/(-6). Suppose f + 2 = 3*c. Let y(x) = x**3 - 3*x**2 + 3*x - 2. Give y(c).
7
Suppose -l - 4*l = -2*j + 2, 0 = -j + 2*l + 1. Let i(s) = 4 + 1 - 3*s - j. Let y be 11/(-88) + (-25)/(-8). Calculate i(y).
-5
Let t(w) = 3*w**2 + 3*w - 3. Let s(q) = -8*q**2 - 8*q + 8. Let k(x) = -4*s(x) - 11*t(x). Determine k(-2).
-1
Let k(v) = 2*v**2 + v - 1. Let m be k(-2). Let p(w) = -8*w + 1. Let f(t) = -7*t + 2. Let i(n) = -6*f(n) + 5*p(n). Calculate i(m).
3
Let r(h) = -h**3 + 13*h**2 - 13*h + 10. Let z be (-636)/(-54) - ((-48)/(-27) - 2). Determine r(z).
-2
Let l(c) = c**2 - 5*c + 3. Let s(h) = 1 + 0*h + h - 7. Let x be 5/40 + 71/8. Let p be s(x). Calculate l(p).
-3
Let n = -160 - -161. Let b(r) = 3*r**2 - 5*r**2 + 7*r**2 - 1. What is b(n)?
4
Let c(s) = 2*s**3 - 3*s**2 + 1. Suppose -5*a - 5 - 5 = 0. Let q = 0 - a. Determine c(q).
5
Let v(y) = -y**2 + y. Let r = 10 + -12. Calculate v(r).
-6
Let r(l) = 3*l + 3. Let v be ((-2)/3)/((-2)/9). Suppose 12 = -3*f + v. What is r(f)?
-6
Let h(c) = -18*c**3 + 1. Suppose -4*g + 4*a - 3 - 1 = 0, 5*g = 2*a + 1. Determine h(g).
-17
Let c(n) = 2*n - 5*n + 3 - 4*n. What is c(2)?
-11
Let i = 122 + -119. Let o(x) = -x + 1. What is o(i)?
-2
Let i(b) = b**2 - 2*b. Let d be i(3). Let m be ((-1)/d)/((-1)/6). Let y(g) = g + 0*g + 2*g**2 - m - g**2. Determine y(0).
-2
Let f(o) = -3*o - 1. Suppose 6*x + 3 = 9. Determine f(x).
-4
Let c(a) = -a**2 + 6*a + 5. Let l be (3 + 0 - 21)*(-3)/9. Give c(l).
5
Let y(g) = g**2 + 8*g. Let a(o) = 3*o**2 + 23*o. Let m(w) = 6*a(w) - 17*y(w). Determine m(-1).
-1
Let a(y) = y. Let c be a(0). Let p(r) = -r**2 + r - 21. Determine p(c).
-21
Let g(l) = -l**2 + l. Let j(r) = 2*r**2 - 5*r + 3. Let a be j(3). Let c = a + -4. Let v be ((-3)/3)/((-1)/c). Give g(v).
-2
Let d(c) be the second derivative of -c**5/120 - c**4/8 + c**3 + 7*c. Let z(k) be the second derivative of d(k). What is z(3)?
-6
Let o(a) = 4*a**3 + 2*a - 1. Suppose -24*r = -17*r - 7. Determine o(r).
5
Suppose -2*o - 5*d = -0*o + 13, -3*o + 3*d = -12. Let v(p) = 10 + 5*p - 4*p - o. What is v(-5)?
4
Let n(d) = d**3 + 2*d**2 + 3*d - 7. Let z(x) = x**2 - 1. Let r(i) = n(i) - 6*z(i). Let m = 2 + -3. Let c = m - -4. What is r(c)?
-1
Let n(t) be the first derivative of 1/3*t**3 + 4*t - 2*t**2 + 3. Give n(4).
4
Let p(w) = 0*w + 4 - 2*w + 3*w. Calculate p(-5).
-1
Let v = 11 - 6. Let u(a) be the first derivative of a**2/2 - 6*a - 3. Determine u(v).
-1
Let x(l) = 2*l + 1. Let r be (-20)/6 + (-2)/(-6). What is x(r)?
-5
Let h(i) be the third derivative of i**4/24 - 5*i**3/3 - 37*i**2. Determine h(8).
-2
Let f(a) = 2*a - 14. Let j be f(9). Let l(v) = v**2 - 4*v. Give l(j).
0
Suppose m = -2 + 1. Let v(z) = -25*z**2 - 6*z + 4. Let g(i) = 17*i**2 + 4*i - 3. Let n(j) = -7*g(j) - 5*v(j). Give n(m).
5
Let r(n) = 1. Let w(z) = z + 2. Let s(l) = 3*r(l) - w(l). Suppose 5 = -5*j - i + 6*i, 0 = -3*j + 5*i - 1. Calculate s(j).
3
Let d(m) be the second derivative of -m**4/12 + m**3/6 + 3*m**2/2 - 7*m. Let y be 6/(-4)*(0 + 2). Give d(y).
-9
Let i(k) = k**2 - k + 5. Let w(m) = -1. Let v(d) = i(d) + 5*w(d). Give v(-2).
6
Let m(l) = l**3 - 3*l**2 + 2*l. Let u be m(3). Suppose -n - 4 = 0, 2*z - n + 0 - u = 0. Let f(a) = -1 - 1 + z + a**3. Calculate f(1).
0
Let n(s) = -6*s - 19. Let t(k) = -3*k - 10. Let z(a) = 6*n(a) - 11*t(a). Determine z(-3).
5
Let b(s) = 5*s**3 + s**2 + 2*s + 1. Suppose -2 = -60*v + 62*v. Give b(v).
-5
Let f(l) = l**2 + 6*l + 6. Suppose -123 + 39 = 4*m. Let g = m + 15. What is f(g)?
6
Let m be (3/(-2))/(6/12). Let j(r) be the third derivative of -r**7/5040 - r**6/360 - r**5/60 + 3*r**2. Let y(b) be the third derivative of j(b). Give y(m).
1
Let r = 13 - 8. Suppose -2*b = r*a - 6, 2*a + 3*b - 6 = b. Suppose 2*h = -a + 10. Let j(c) = -c**3 + 4*c**2 + 4*c + 3. Give j(h).
-2
Let h = -2/2701 + 2941/324120. Let y(i) be the third derivative of -1/15*i**5 - h*i**6 + 0*i + 0*i**4 + 0 - 1/6*i**3 + 2*i**2. Determine y(-4).
-1
Let y(v) = -1 + 2*v**3 + 3*v**3 - v**3 - 2*v - 9*v**3. Determine y(-1).
6
Let k(p) be the second derivative of p**3/6 - p**2 + p. Let i be (-20)/(-6) + (-9)/(-81)*-3. Calculate k(i).
1
Let k = 1 - -1. Suppose 0 = k*c - 6*c. Let a(h) = -h**2 - h. Calculate a(c).
0
Let g(b) be the first derivative of b**5/60 - b**4/6 - 3*b**2/2 + 3. Let y(s) be the second derivative of g(s). Calculate y(3).
-3
Suppose -30 = -5*a - 0*a. Let m(p) = -p**3 + 5*p**2 + 6*p + 2. Let v be m(a). Let w be (2/1)/(-4 + v). Let q(s) = 7*s**2 + 2*s + 1. Give q(w).
6
Let m(x) = x**3 - 5*x**2 + 5*x + 2. Let c be m(4). Let o = -6 + c. Let j(v) = -v - 1 + o - 2 + 0. Calculate j(-4).
1
Let y(k) = 5*k**2 - 2*k - 1. Suppose 3*r + 2 = 5*u, 3*r + 5*u - 3 = 5. Suppose r = 5*b + 6. Determine y(b).
6
Suppose 0 = 5*y - 3*l + 9, -13 = y - l + 6*l. Let s be (-4)/14 - 4/(-14). Let z(c) = 2*c + 1 + s*c + c. Calculate z(y).
-8
Let d(j) = j**2 + 2*j + 2. Let u(q) = q - 2. Suppose -6 = 5*g - 3*k, 3*g + 2*g + 8 = 4*k. Let r be u(g). Give d(r).
2
Let t be 8 + (0 - 1*-2). Let x = 14 - t. Let c(s) be the second derivative of -s**4/12 + 2*s**3/3 + s**2/2 - s. Calculate c(x).
1
Let n(k) be the third derivative of 0*k + 1/8*k**4 + 0*k**5 + 0 - 1/120*k**6 - 2*k**2 + 1/3*k**3. Calculate n(-2).
4
Let n(x) = x**2 - 2*x + 2. Suppose 0 = -0*q - 4*q + 88. Let l = q + -11. Suppose 4*w - 1 = l. Determine n(w).
5
Let a(z) be the second derivative of 2*z**4/3 